 g - q. What is the units digit of c?
9
Let w(z) be the first derivative of -3 - z + 8/3*z**3 + 0*z**2. What is the units digit of w(1)?
7
Let s(b) = b**3 + 7*b**2 + 2*b + 4. What is the hundreds digit of s(4)?
1
Let p(n) = 5*n - 9. Let k be 1 + 0 - 4 - -9. What is the units digit of p(k)?
1
Let u = -17 - 85. What is the units digit of 1/5 - u/15?
7
Suppose 0 = -5*v + 1176 - 471. What is the units digit of v?
1
Suppose 0 = q - 31 - 97. What is the units digit of q?
8
Let x(c) = -c**3 + 2*c**2 + 2*c - 2. Suppose -10 + 2 = -4*g. What is the units digit of x(g)?
2
Let s = 1 - -3. What is the units digit of ((-2)/s)/(2/(-12))?
3
Let n be (-3)/(69/18 + -4). What is the tens digit of 500/n + 4/18?
2
Let t = 4 + -1. Suppose 3*h = 4*u - h - 28, t*h = 0. What is the units digit of u?
7
Suppose 100 = 3*j - 116. What is the tens digit of j?
7
Let m be 2 + (0 - (2 + 0)). Suppose -4*n + m*n = -12. Suppose 4*s = 2*s + 3*k + 15, 51 = 5*s - n*k. What is the tens digit of s?
1
Suppose 0 = 3*i - 5 - 10. Suppose 1 = -p - i*v, 3*v - 7*v = -5*p + 82. What is the tens digit of p?
1
Let x = 0 - -7. Let a = 11 - x. What is the units digit of a?
4
Let f = 57 + 46. What is the tens digit of f?
0
Suppose 88 = 5*r - 217. What is the units digit of r?
1
Suppose 4*x - g = 10, g = -5*x - 4*g. Suppose 3*s = -x*z - 17, -2*s + z = 3*z + 8. What is the units digit of (-3)/(5 - 2) - s?
8
Let t be 3 - -1 - (-1 + 2). Suppose -18 = -t*q - 6. What is the units digit of q?
4
Let v = 0 + 0. Let c = v + 3. Let j = 0 + c. What is the units digit of j?
3
Suppose 0*u = -2*u. Let g(z) = z**3 + 18. What is the units digit of g(u)?
8
Suppose 87 + 13 = -5*c. What is the tens digit of (8/c)/((-2)/235)?
4
Let p(u) = -2*u**2 + 3*u - 10. Let b be p(4). What is the units digit of (b - 0)*(-4)/5?
4
Let x = 22 + -39. Let p = x + 38. What is the units digit of p?
1
Suppose -6*q - 62 = -8*q. What is the tens digit of q?
3
Let f = 10 + -7. Suppose l - 10 = -f*c, -4*c + 2*l + 0*l = 0. What is the units digit of (44/(-8))/((-1)/c)?
1
Suppose n + 1 - 2 = 0. Let w be n/(3/(-6)) + 7. Suppose 0 = -3*d - 2*f - 0*f + 11, 13 = w*d + 2*f. What is the units digit of d?
1
Suppose 0*a = -5*a. Suppose -4*z - 4*g + 28 = a, -9 = -2*z - 5*g + 11. What is the units digit of z?
5
Let f(n) = -n**3 + 4*n**2 + 7*n - 5. Let s be f(5). Let y = 10 - s. Suppose 0 = 5*i + p - 15, -2*p + 25 - y = 5*i. What is the units digit of i?
2
Let t(r) be the second derivative of r**4/4 + r. Let n be t(2). Suppose 3*i - n = -i, -12 = -3*m - 2*i. What is the units digit of m?
2
Let w(u) be the third derivative of u**5/30 - u**4/6 - u**3 + 4*u**2. What is the tens digit of w(5)?
2
Let p = 4 + -3. Suppose -5*m + 21 = p. What is the units digit of m?
4
Suppose -3*v + 6*m - m + 183 = 0, -5*v + 3*m + 305 = 0. What is the units digit of v?
1
Let d = -10 - -9. Let w be (d/3)/((-2)/132). Suppose w = -2*m + 4*m. What is the tens digit of m?
1
Let u = -88 - -133. Suppose -4*i + u = -7. What is the units digit of i?
3
Suppose 11 = 3*c + 2. Suppose 0*w + 6 = 2*w, c*k = w + 60. What is the units digit of k?
1
Suppose -23 = -2*r + 15. Suppose t = -0*t + r. What is the units digit of t?
9
Let s = -1 - -1. Suppose -4*l - 20 = -4*g + 48, s = 3*g + 2*l - 31. Let a = 20 - g. What is the units digit of a?
7
Suppose -4*x = 6 - 86. Suppose 0 = -5*q - 0 + x. Suppose -q*k + 20 = r, -24 + 8 = k - 5*r. What is the units digit of k?
4
Let i = 71 - 4. Let m = 101 - i. What is the tens digit of m?
3
Suppose -4*v = -2*v + 2*g - 336, 2*v = 2*g + 320. What is the units digit of v?
4
Suppose -5*h = 61 - 251. What is the tens digit of h?
3
Suppose -6*b + 140 = -2*b. Suppose 2 - b = -3*q. What is the tens digit of q?
1
Let p(t) = -t**2 - 4*t + 1. What is the units digit of p(-2)?
5
Suppose -4*b - 23 = -3*h + 45, -2*b = -8. What is the units digit of h?
8
Let c be 3/3*-1 + 4. Suppose 2*f - 4*l = -1 - 7, -3*f = -c*l. Suppose 63 = f*q + 27. What is the units digit of q?
9
Suppose 616 = 12*t - 4*t. What is the tens digit of t?
7
Suppose -7*b = -0 - 14. What is the units digit of b?
2
Let i = -7 - -11. Suppose i*b - 3*d = -d - 4, 1 = 5*b - d. What is the units digit of 8 + b/(-1) - -1?
8
Let k be 95/35 - (-4)/14. Suppose -k*s - 44 = -7*s - 5*n, 6 = -s + 3*n. Let b = s - 3. What is the units digit of b?
3
Suppose 6*u - 27 = -4*k + u, k + 12 = 5*u. Suppose g = 4*o - g + 18, -4*o - k*g = 43. Let b = -2 - o. What is the units digit of b?
5
Suppose -5*x - 2*k = -560, 0*x + 4*x + k - 448 = 0. What is the units digit of x?
2
Suppose 0 = -3*b - 4*x + 948, -873 = -5*b + 5*x + 707. What is the units digit of b?
6
Let v(c) = c**2 + 39. Let r be v(0). Suppose -2*g + 5 = -r. What is the units digit of g?
2
Suppose 25*r - 16*r - 945 = 0. What is the hundreds digit of r?
1
Let z(f) = -f**2 + 8*f - 5. Let v be z(7). Suppose -v*d + 0*d + 24 = 0. What is the units digit of d?
2
Suppose 0*v - 4*v = 5*s - 1700, 0 = -s. What is the hundreds digit of v?
4
Let o = 126 + -79. What is the tens digit of o?
4
Let c(a) = 2*a**3 - 2*a**2 + 2*a + 2. Suppose 2 = g - d, -d = -3*d. What is the tens digit of c(g)?
1
Let j(m) = -7*m**2 + 6 + 5*m + 12*m - 3*m. Let p(a) = 6*a**2 - 13*a - 7. Let i(d) = -5*j(d) - 6*p(d). What is the units digit of i(9)?
3
What is the units digit of (2 - -1) + 18/2 - 3?
9
Suppose -2*x - x = -36. Let u be -3 + x + (1 - 0). Suppose -4*z + 46 + u = 0. What is the tens digit of z?
1
Let f(c) = -2*c - 4. Let q be f(-4). Suppose -q*h = -12 - 0. What is the units digit of h?
3
Let c = 5 + -2. Suppose c*y - 12 = 0, 0*s + y - 26 = -2*s. Suppose -d + s = -4. What is the units digit of d?
5
Let o(l) = -5*l**3 + 10*l**2 - 4*l + 1. Let c(h) = -2*h**3 + 5*h**2 - 2*h. Let z(a) = -9*c(a) + 4*o(a). What is the tens digit of z(-4)?
4
Let h(f) = 5*f**2 - f - 3. What is the units digit of h(2)?
5
Suppose 1455 = 6*u - 261. What is the tens digit of u?
8
Let h be (18/15)/(2/5). Let f(b) = 11*b + 24. Let z(g) = 4*g + 8. Let t(s) = h*f(s) - 8*z(s). What is the units digit of t(-6)?
2
Let q = 5 - 2. Suppose -5*p - 6 - 13 = -2*x, 5*x - p = 13. Suppose x*v - 15 = -q*v. What is the units digit of v?
3
Let y(n) be the first derivative of -n**4/2 - n**3/3 + n**2/2 + n + 17. Suppose -6 = 5*z - h, -2*h - 6 = 3*z + 8. What is the units digit of y(z)?
1
Let h be 76*(1 - (-12)/(-8)). Suppose -4*r - 12 = 0, -113 = 3*c + r - 41. Let q = c - h. What is the tens digit of q?
1
What is the tens digit of (-1304)/(-20) - 1/5?
6
Suppose -b = y + 2*b + 14, -4*b = -4*y - 40. Let v(s) = s**3 - 5*s**2 - s + 5. Let w be v(4). Let f = y - w. What is the units digit of f?
4
Let r be -37 + (3*-2)/(-3). Let y = 49 + r. What is the units digit of y?
4
Let u(f) = f**2 + 6*f + 4. Let i be u(-5). Let z(w) = 13*w**2 + 2*w + 1. What is the units digit of z(i)?
2
Let z(u) = -2*u**3 + 2*u**2 + 3*u + 2. Let n be z(-1). Suppose v - 15 = 3*g, -7*g + 4*g = 3*v + 15. Suppose v = -p - n*p + 48. What is the tens digit of p?
1
Let i(n) = -6*n**3 - 2*n**2 - 6*n - 5. Let w(u) = -7*u**3 - 3*u**2 - 6*u - 6. Let s(j) = -6*i(j) + 5*w(j). What is the units digit of s(4)?
0
Let v(y) = -y**3 + y**2 - 18*y - 15. What is the units digit of v(-6)?
5
Suppose 0 = -3*l + y - 40 + 179, -2*y - 232 = -5*l. What is the units digit of 14/35 + l/10?
5
Suppose -1 - 3 = -2*r. What is the units digit of (r*2)/((-8)/(-20))?
0
Let f be 99/6 + (-5)/(-10)*1. Let y be 12/(-10)*10/(-3). Suppose 2*o - f = -0*d + 5*d, 3*d + y = -5*o. What is the units digit of o?
1
Suppose 5*b - 20 = 2*f - 4*f, 4*f + 5*b = 30. Let s(d) = -7*d - 16. Let k be s(-7). Suppose f*a = 2*a + k. What is the units digit of a?
1
Suppose 4*t = 5*x + 41, 0 = -3*t + x - 4*x - 3. Let f be (7 - t)*(-4)/(-6). Suppose 10 + 2 = f*a. What is the units digit of a?
6
Let r(t) = t**3 - 13*t**2 + 2*t + 18. What is the units digit of r(13)?
4
Suppose -8 = -4*g - 0*g. Suppose 0 = 5*p + g*s, -4*p + 4*s + 24 + 4 = 0. What is the units digit of p?
2
Let c(m) be the first derivative of m**3/3 + m - 1. Suppose 3*a = -9 - 0. What is the tens digit of c(a)?
1
Let l(x) = -x**2 + 7*x + 8. What is the tens digit of l(6)?
1
Let c = -6 + 6. Suppose c = -4*k - 86 + 246. Suppose -3*s - 2*s = -k. What is the units digit of s?
8
Let v(o) = 7*o - 6. Let r(g) = 13*g - 11. Let z(d) = -4*r(d) + 7*v(d). Let b be z(4). Let j = -1 - b. What is t